he remainder when q is divided by 27?
25
Let z(t) = -t**3 + 7*t**2 - 5*t - 2. Let j(v) = v**2 + 7*v - 2. Let b be j(-8). Calculate the remainder when 13 is divided by z(b).
1
Let l be ((-3)/(-2))/(4/(-48)). What is the remainder when 11 is divided by 3*6*(-4)/l?
3
Let s = 329 - 196. Calculate the remainder when s is divided by 45.
43
Let w(g) = 2*g**2 - 1 - 2*g + 0*g**2 - 3*g. Let t be -2*(-1 + 3)*-1. Calculate the remainder when 20 is divided by w(t).
9
Let w = -44 + 67. What is the remainder when w is divided by 4?
3
Let u = -5 - -8. Calculate the remainder when 11 is divided by u.
2
Suppose 11*k - 1656 = 467. What is the remainder when k is divided by 15?
13
Let o(t) = t**3 - 3*t**2 - 2*t + 5. Let s be o(4). Suppose -2*m + s = -17. What is the remainder when 57 is divided by m?
12
Suppose 0*o - 4*o - 8 = 0, -o + 6 = z. Suppose 4*x - 120 = 3*w, -w = x - 3*w - 25. Let h = -19 + x. Calculate the remainder when h is divided by z.
6
Let s(j) = 9*j**2 - 4*j + 3. Let q be s(2). Suppose 1 = 3*k + m, 0 + q = 3*k - 5*m. What is the remainder when k is divided by 1?
0
What is the remainder when (56/(-12))/(1/(-3) - 0) is divided by 6?
2
Suppose -7*j + 3*j - 62 = m, -7 = j - 4*m. Let i = -1 - j. What is the remainder when (-85)/(-2) + (-12)/8 is divided by i?
13
Let z be 0/(6/(-3) - -4). Suppose z = -3*q - 9, -5*a + 2*q - 34 = -95. Calculate the remainder when (6/(-4))/((-2)/28) is divided by a.
10
Suppose 4*j = 2*j. Let l be 0 - (-1 - 1) - j. Suppose -3*v - 8 = -2*z + 12, -3*z + l*v + 35 = 0. What is the remainder when 25 is divided by z?
12
Suppose 3*l + l + 28 = 0. Let v(q) = q + 1. Let d be v(l). Let u(o) = -2*o - 4. Calculate the remainder when 15 is divided by u(d).
7
Suppose -5*j + 2*u - 335 = -3*u, 5*j - u = -319. What is the remainder when 79/7 + 18/j is divided by 3?
2
Suppose -4*l = 3*t - 51, 0 = -3*l - 7*t + 2*t + 52. Calculate the remainder when (-3)/l + 92/6 is divided by 8.
7
Calculate the remainder when ((-172)/(-6))/((-20)/(-30)) is divided by 15.
13
Let j = -3 + 1. What is the remainder when 3/(j/32*-6) is divided by 5?
3
Let d = -217 + 123. Let t = 139 + d. Calculate the remainder when t is divided by 23.
22
Let x = 14 - -24. What is the remainder when x is divided by 10?
8
Suppose 2*y = -3*d + 43, d - 135 = -5*y - d. What is the remainder when 57 is divided by y?
28
Let g(t) = -t**3 + 6*t**2 + 7*t - 1. Let c be g(5). Suppose -m = -18 - c. What is the remainder when m is divided by 20?
17
Let w be 3/(-2) + 38/4. What is the remainder when 27 is divided by w/(-6)*(-42)/4?
13
Let w be (2 - -1 - 2) + 0. Suppose -2*c - 1 - w = 0. What is the remainder when 4 is divided by (0 + 2 - 5)*c?
1
Let o(j) be the third derivative of j**4/24 - j**2. Suppose 9*l - 24 = 5*l. What is the remainder when 11 is divided by o(l)?
5
Suppose 0 = t - 2*t + l + 68, -4*l - 126 = -2*t. Calculate the remainder when t is divided by 19.
16
Suppose 2*w + 2*w - 56 = 0. Suppose 23 = 5*h - 2. What is the remainder when w is divided by h?
4
Let z = -18 + 29. Let y = 10 + -6. Suppose -3*f = y*w - w - 102, -w - 3*f = -38. What is the remainder when w is divided by z?
10
Suppose j - h - 4*h - 32 = 0, 42 = 3*j + 3*h. Calculate the remainder when 62 is divided by j.
11
Let w(j) = j**2 - 5*j - 6. Let v be w(6). Suppose 5*z - 20 - 20 = v. What is the remainder when 71/4 + 2/z is divided by 10?
8
Let y = -7 - -2. Let o = 9 + y. Suppose h - 4*c = -13, -4*h - o*c + 22 = -2*h. What is the remainder when 4 is divided by h?
1
Suppose -m = -0*m - 74. Suppose 5*w + 126 = -m. Calculate the remainder when 38 is divided by w*(1 - 3/2).
18
Let q = 15 - 9. What is the remainder when 53 is divided by -14*(-1)/(3/q)?
25
What is the remainder when 100 is divided by 3/2*(-6 + 40)?
49
Suppose -48 + 183 = 5*t. Suppose -2*l + l = 5*y + 54, 0 = 2*y - 5*l + t. Let n(k) = k**3 + 11*k**2 - k - 2. What is the remainder when 33 is divided by n(y)?
6
Let z = 25 - 19. Let f = -37 + 53. Calculate the remainder when f is divided by z.
4
Let r = -6 + 29. Calculate the remainder when r is divided by 6.
5
Let b = 470 + -333. Suppose 3*k - 111 = v + 20, 3*k - 4*v - b = 0. What is the remainder when k is divided by 11?
10
Let a(c) be the first derivative of -c**4/4 - 5*c**3/3 + c**2 + 11*c - 3. Let y = 0 - -3. What is the remainder when y is divided by a(-5)?
0
Let g(d) = -9*d + 6. Calculate the remainder when 46 is divided by g(-2).
22
Let y(g) = -6*g**2 - 6*g - 1. Let i(w) = -w. Let p(s) = 6*i(s) - y(s). Calculate the remainder when 33 is divided by p(1).
5
Suppose 5*f - 69 = -9. Let v = f - -8. What is the remainder when 37 is divided by v?
17
Let j(l) = -l**3 + 3*l**2 + 6*l - 5. What is the remainder when 3 is divided by j(4)?
0
Suppose 5*v - 7*v = -6. Suppose -v*c = c - 36. Calculate the remainder when 16 is divided by c.
7
Suppose -f + 4*t = 6, -t - 10 = -2*f - 1. Let w(a) = -4*a + 11. Calculate the remainder when w(0) is divided by f.
5
Let z(p) = -p**3 - 3*p**2 + 2*p + 11. Calculate the remainder when 8 is divided by z(-3).
3
Suppose 0 = -4*o - 59 + 199. What is the remainder when o is divided by 9?
8
Suppose 0 = -m - h + 1, 0 = -7*h + 3*h - 8. Suppose m = 3*w - 0. Let n = w + 0. Calculate the remainder when n is divided by 1.
0
Let q = 45 + -32. Calculate the remainder when 25 is divided by q.
12
Let l(i) = 12*i + 1. Calculate the remainder when 74 is divided by l(1).
9
Suppose 2*v + 7 = 3*v. Suppose 3*t = -5*m + 59, 0 = -2*t - v + 3. Calculate the remainder when 24 is divided by m.
11
Suppose -2*h + 6*h + 56 = 0. Let z = -1 - h. What is the remainder when 21 is divided by (4 - 2 - z)/(-1)?
10
Let x = 9 - 8. Suppose -x = -s + 2. What is the remainder when (-52)/(-9) - (-4)/18 is divided by s?
0
Suppose -88 + 248 = 10*l. What is the remainder when 140 is divided by l?
12
Suppose 71 = 4*b - 57. Calculate the remainder when b is divided by 19.
13
Let c = -56 + 102. Suppose 16 = -4*x, -u + 3*u = -x + c. What is the remainder when u is divided by 14?
11
Let p = -11 + 15. What is the remainder when p is divided by 4?
0
Suppose -w = -10 + 7. What is the remainder when 3 is divided by w?
0
Let b = -36 + 55. Calculate the remainder when b is divided by 7.
5
Calculate the remainder when 12/8*-1*-12 is divided by 12.
6
Let j(f) = -2*f**3 - 2*f**2 + 3*f - 2. Let i = -10 + 19. What is the remainder when j(-3) is divided by i?
7
Let h = 40 + -30. What is the remainder when 26 is divided by h?
6
Let a = 54 - 31. Let s(f) = 24*f**3 - 2*f**2 + 1. Let p be s(1). Let u = p + -11. What is the remainder when a is divided by u?
11
Let f(d) = -d**2 - 4*d + 5. Let j be f(-5). Suppose 5*q - 17 - 48 = j. What is the remainder when 37 is divided by q?
11
Let b = -11 + 14. What is the remainder when 11 is divided by b?
2
Suppose 3*x + 45 = -90. Calculate the remainder when 1 - (-2)/((-6)/x) is divided by 9.
7
Let u(a) = -a**2 - 6*a + 5. Let x be u(-6). Let g(z) be the third derivative of z**5/30 - z**4/4 + z**2. What is the remainder when g(x) is divided by 7?
6
Suppose j = -3*g + 65, 29 = -0*g + g + 4*j. What is the remainder when g is divided by 11?
10
Suppose 4*a + 24 = 5*a + 2*y, 2*y = -2*a + 40. What is the remainder when a is divided by 6?
4
Suppose 5 = -3*a - 7. Let g = a + 8. Suppose 0 = 4*d - 5*c - 31, d + 2*c - g = 7*c. What is the remainder when d is divided by 5?
4
Let z(g) = 4*g**2 + 8*g - 3. Let h(n) = -13*n**2 - 24*n + 9. Let c(a) = 2*h(a) + 7*z(a). What is the remainder when 62 is divided by c(-6)?
20
Suppose -3*z + 6 = -0*z. Suppose -3*g = -z*m + 42 - 2, 4*g + 4*m = -40. Let k = -7 - g. What is the remainder when 9 is divided by k?
4
What is the remainder when 41 is divided by (-14 - 4)*(0 - 1)/2?
5
Suppose -5*u - 30 = -0*u. Let l = 11 + u. Suppose 0 = -l*s - 2*h - 3*h + 120, 110 = 4*s - 3*h. Calculate the remainder when s is divided by 9.
8
Let a(f) = f**2 + 4*f - 1. Suppose 0 = -o - 0 + 5. Suppose 4*b = 5*b + o. What is the remainder when a(b) is divided by 2?
0
Let l = 516 - 278. What is the remainder when l is divided by 40?
38
Let q = 52 - -2. Suppose 3*d = q + 9. Calculate the remainder when 39 is divided by d.
18
Let m(n) = -n**2 + 6*n - 6. Let u be m(4). Let v be 1/((4/6)/2). Suppose -v*c - 12 = 0, 2*c = u*l + l - 110. What is the remainder when l is divided by 12?
10
Let o = 185 - 165. What is the 